 22))?
47
What is -6 - (-28 + 37 - (1 - 6 - (-38 - -9)))?
9
Calculate (6 + -51 - 3) + -4 + -6 + -4 + 9.
-53
31 - ((2 + -1 - (-128 + 117)) + -2)
21
Calculate -7 - (-45 - -31) - ((-4 - -1) + -48 + -1).
59
What is (-4 - 14 - -3) + 13 - (1 - -4)?
-7
What is 32 + (-2 - -47) + -23?
54
(12 - ((-21 - -22) + 17)) + 41
35
Evaluate -2 - ((5 - (-7 - -3)) + (-50 - (-107 - -59))).
-9
What is -20 + (-22 - (19 - 37) - -47)?
23
Calculate (2 - (-15 + -22 + 25)) + (1 - 20).
-5
Evaluate 7 + 16 + -11 - (-8 + -3 + 0).
23
Calculate (29 + -3 - (72 - 87)) + -12 + -3 + 3.
29
-2 + -5 - ((32 - 26) + -35)
22
Evaluate -1 - -37 - ((12 - 28) + (-4 - -2) + 11).
43
(7 - (19 - (10 - (-1 - -7)))) + 71
63
What is the value of (-39 - (-148 + 22)) + -31?
56
-32 + -1 + -7831 + 7851
-13
(37 + -50 - 16) + -13
-42
-82 + -71 + 92 - -51
-10
Calculate -87 + (33 - 59) + 56.
-57
Evaluate 4 - ((-15 - 8) + 109) - (-16 + -5).
-61
Calculate (3 - (4 + (-6 - (5 + -1)) + 13)) + -7.
-11
25 - (-12 - (32 - 42))
27
Evaluate 4 + (80 - -2) + (-37 - (-77 + 52)).
74
-6 + 2 + -18 + 15 + 38 + (-7 - -8)
32
Evaluate -383 + 461 + -139 + 1.
-60
Calculate -37 + (-70 - -122) - (1 - 2 - (-4 + 15)).
27
Evaluate 21 + 9 + (-35 - (-13 - 5) - -13).
26
Calculate -25 - (-15 + 57 + -89).
22
297 + -303 + -3 + (0 - -2) + -34
-41
What is -8 + -45 - (155 + -254)?
46
What is 10 - (15 + (-37 - -112))?
-80
What is the value of 4 + 43 + 3 + -1 - ((233 - 128) + -101)?
45
Calculate (-49 - (15 - 5)) + (3 - -6).
-50
What is the value of 0 - 8 - (-100 + 39 + 31)?
22
What is -4 - (-3 + -2 + (-41 - -14) + -85)?
113
What is the value of (-37 - (-38 + -31 + 57)) + 0?
-25
Calculate 19 + -45 + 19 + -3.
-10
Calculate (4 - (11 - 0) - (-13 - (1 - -3))) + -6.
4
What is 1 + -92 - (-246 - (30 - 255))?
-70
11 - (-4 + 5) - (394 - 413)
29
Evaluate 13 - (35 - (-16 + 15 - -17)) - (2 + -28).
20
What is 5 + -82 - (-667 + 690)?
-100
(-148 - -82) + 102 + -1
35
Evaluate 15 + 44 - (-162 - -257).
-36
-10 + 28 + (-28 + 36 - -30)
56
(15 - 20) + 11 - (47 + -3 + -2 + 7)
-43
What is 106 - (14 - (52 - 22)) - 0?
122
Calculate 63 + (0 + 0 + -14 + 3 - (47 + -61)).
66
(-12 - 2) + 8 + (54 - 8)
40
What is -1 + 37 + (-1035 - -1032)?
33
Evaluate 28 + -12 - (14 + 30 - 10).
-18
What is the value of (19 + -12 - 8) + 29 + -2 + -12?
14
What is -10 + (-6 - -3) + (-7 - (-71 - 1))?
52
Evaluate (-47 - -28) + 12 + (-1 - (0 - 3)).
-5
What is (-22 - (59 + -18)) + 22?
-41
Evaluate -1 + 1 - (111 + -132) - 13 - 3.
5
Evaluate 95 + 1 + -2 + -5 + 3 - (-252 + 259).
85
1 + (-1 - -13) - (8 + -10) - (1028 - 1029)
16
Evaluate 51 + -76 - (-7 + -38).
20
What is the value of (-1 + 1 + -1 - (2108 - 2115)) + 4?
10
Evaluate (-3 - (2 + -2)) + -517 + 467.
-53
What is the value of 68 + (-9 - 1) - (-21 - 4)?
83
Evaluate 23 + -18 - (7 + -24 + 3 + -56).
75
What is the value of -34 + (-104 + 10 - -27) + 18?
-83
28 - (2 - (-35 + -5))
-14
What is 0 + (7 - -15) + -19 - (-2 - (-2 - 30))?
-27
(185 - 128) + -68 + (0 - -85)
74
16 + -42 + -16 + 73
31
(-550 - -557) + 14 + 1 + -2 + 2
22
What is the value of -1 - 7 - (-2 + 16 - 21) - (-1 - -67)?
-67
Evaluate 2 - (0 + 11 + (13 - (14 - -1) - -33)).
-40
Evaluate 20 - (2 + (-1 - 1)) - (-8 + -37 - -44).
21
What is the value of -43 - (27 + -50) - (-26 + 4)?
2
Evaluate -25 - (-799 - -804 - (11 - -1)).
-18
Evaluate (55 - -6 - 74) + -35.
-48
Calculate 13 + 108 + (-35 - 28).
58
What is the value of -3 - ((6 + 28 - 26) + -6 + -1 + 2)?
-6
What is 72 - ((34 - -22) + 32)?
-16
Evaluate (-62 - -17) + -87 + 98.
-34
What is the value of 0 + -4 + (-43 - (-167 + 88))?
32
15 - (-4 + 21 + 6) - ((-3 - -6) + 87)
-98
49 + -79 + 50 - 41
-21
Evaluate 7 + -9 + 6 - (16 + -30 + -8).
26
What is 47 + (12 - 23 - 13)?
23
What is the value of -6 - (5 - 28) - (67 + -2 + 9)?
-57
What is the value of 130 - (-143 - (-85 + -71))?
117
What is -10 - (-21 + 14) - (-4 + 1 + 7 - -53)?
-60
Calculate 37 + (19 - (-21 + (-59 - -30))).
106
(90 - 138 - -53) + 11 + (0 - 0)
16
What is -26 + 10 + -2 + 9 + -17?
-26
Evaluate (27 - 1) + (19 - (16 + (-20 - (-29 - 7)))).
13
What is 3246 + -3323 + -4 + -24?
-105
Calculate -121 + -3 - (-1 + 18 - 33).
-108
What is (8 + -10 + 11 + -16 - -9) + -4 + 2?
0
What is -27 + -10 + (33 - 69)?
-73
-27 + 25 + 6 + (-13 + 19 - -13)
23
-29 - (6 + -4 + -11 + 15 + 0 + 2)
-37
What is the value of (64 - 1) + (-136 - -176)?
103
Evaluate 57 + -66 + 119 + (2 - 3) + (-14 - -6).
101
What is -30 - -14 - 38 - -35?
-19
Evaluate -3 - -10 - ((-9 + -1 - (-22 - -11)) + -1).
7
Evaluate -73 - 3 - ((75 - 103) + (0 - -37)).
-85
What is 4 + (-27 + 28 - (-12 + 7 + -7))?
17
(14 - 77) + 63 + 4 + 2
6
5 - (2 - (5 - 6)) - (1027 - 949)
-76
What is 4 - ((-9 - -84) + -16 + 3) - 4?
-62
Calculate -12 + (9 - 88) + 12 + 12 + -4.
-71
(-2 - -12) + 3 - (70 + -84)
27
What is -28 + (-1 + -70 - -54)?
-45
Evaluate -11 + (-2 + 1 - -6) - ((34 - -2) + -5).
-37
What is 1 + 8 + (55 - 37) + -14?
13
Calculate -36 + 5 + -11 + 0 + 8 + (-4 - -6).
-32
Evaluate 40 + (35 - (-11 + 78)).
8
What is the value of -166 - -158 - ((-5 - 2) + -9)?
8
Calculate -4 + 23 + 3 - (4 - (40 - 43)).
15
What is the value of -17 + 10 + (2 - -48) + 49 + -52?
40
Evaluate 27 - (-10 - -29) - (20 + 1) - 11.
-24
-44 + (-31 - (-30 - -16)) + -28
-89
What is 176 + -175 + -10 + (-5 - (-3 - -4)) + -77?
-92
What is the value of 16 + (-71 - -28) - -5 - -27?
5
Evaluate -15 + -7 + 1 + (6 - (53 + -108)).
40
Evaluate 27 + -24 - (-27 + 41).
-11
(54 - 67) + 26 - 26
-13
What is the value of 4 + -25 - 59 - -43?
-37
What is (-107 - -80 - -184) + -109?
48
What is 17 + -18 + 4 + 5 - 7?
1
What is the value of (12 - 20) + (-13 - 6 - -13)?
-14
What is the value of (-136 + 134 - (11 - 1)) + 5 + -11 + 2?
-16
What is -1016 + 946 - (8 + -2 + 6)?
-82
What is 106 + 2 + -9355 + 9326?
79
Calculate -125 + (-13 + 1 - -2 - (4678 + -4700)).
-113
Calculate 20 + 31 + -33 - (-6 + -75 - -2).
97
Calculate 2 + 4 - ((33 - (-8 + 19)) + -22).
6
What is the value of -136 - (-38 + (-114 - -62))?
-46
Evaluate 4 + 55 - (-27 + 0 + 278 + -263).
71
-2 + (2 - 3) + (38 + 4 + 0 - 4)
35
61 - 28 - -20 - 30
23
Evaluate 18 + -13 + (-13 - -32).
24
Calculate -17 + 2 + (-12 - (5 - 19)) + (1 - -46).
34
5353 - 5287 - (0 - -53)
13
What is the value of -39 + 166 + -49 - 59?
19
What is the value of -56 - (-6 + (25 - 77 - -27))?
-25
What is -6693 + 6748 + 28 + -1 + 2?
84
Calculate -39 + (76 - 28) - 18.
-9
What is -10 - (-6 - (-7 + (-6 - -6) - 0))?
-11
-7 + (-192 - -55 - -77)
-67
What is the value of (13 - (13 + -37 - -14)) + (-1 + 2 - 10)?
14
What is the value of 37 - ((32 - -37) + -36 - -2)?
2
Evaluate -27 - ((7 - (-3 - (8 - -2 - 2))) + -7).
-38
Calculate (10 - (-15 - -11)) + (-3 - (-8 - -14 - -54)).
-49
-6 + -14 - -1 - (-86 + 18)
49
Calculate 145 + -4 + (-37 + 83 - 44 - (-2 - -4)).
141
What is the value of 47 + 8 + -15 + (7 - 9)?
38
What is (15 + 39 - -15) + -32?
37
What is -68 + 53 + (-46 - -13)?
-48
Calculate -33 + 0 + (576 - 499).
44
Evaluate -112 - (-5 - (4 - 1 - (-39 - -42)) - -12).
-119
11 + 0 + (3 - 0) + (10 - 58)
-34
What is the value of (-31 - 12 - -57) + -1 + 9 + -2?
20
Calculate 38 + (-93 - -29) + 12.
-14
1 + 2 - (-26 + -11 + 3 + 11)
26
Evaluate -18 - -13 - (13 - (-5 - 5) - 2).
-26
What is -85 - (73 + 61 + -206)?
-13
What is (-1 - -2) + 18 + -3346 + 3371?
44
What is the value of 11 - (31 - (4 + -2 + 3 + (-116 - -117)))?
-14
Evaluate (-9 - (4 - 3)) + -11 + (-6 - -21) + -2.
-8
10 + 21 + (-9 - -21) + -20 + -14 + -141
-132
Calculate -14 + 44 + -58 + -10.
-38
Calculate -50 + (-1 + 117 - 54).
12
-20 - (46 + -55) - -57
46
-14 + (2 - 25 - (22 + -83))
24
(-2 - -4) + -6 - -20 - (36 + (-98 - -54))
24
What is the value of -32 - (100 + 40 + -76)?
-96
What is 1 - 1 - (6 + -15 - (-5 + -8 + 7))?
3
What is 16 - (49 + (10 - 29)) - 5 - -54?
35
What is (-23 - -16) + 24 + (-38 + 0 - -3)?
-18
What is the value of 31 - (47 - 2) - -11 - (-13 + 2 + 0)?
8
Calculate -16 + (5 - -11) - ((5 - 7 - -21) + -3).
-16
33 + (1 - 4) + -15 - -3 - 9
9
What is the value of (110 - -31 - (4 + -11)) + -17?
131
Evaluate 7 + 1 + (-18 - (-1 - -17)).
-26
Evaluate 79 + -1 + 3 + 0 + (647 - 530 - 124).
74
Evaluate -6 - (-59 + (17 - (-14 + 34))).
56
(30 - (23 - -1 - 46)) + -14
38
What is 691 - 679 - (3 + -6 - (0 + 4 + -87))?
-68
What is the value of 20 + (16 - (5 + -13 + 1))?
43
Evaluate -16 + 14 + -4 + -8 + 6 - 30 - 12.
-50
-111 - (20 + -27 + -187)
83
Calculate 11 + -9 